 = 2*d - 5*t. Let z = d - -666. Calculate the remainder when z is divided by 28.
25
What is the remainder when ((-28)/84)/((-2)/738*1) is divided by 7?
4
Suppose -30 - 205 = -5*p. What is the remainder when p is divided by 10?
7
Suppose -260 = -5*z - 5*p, -4*z = -3*p - 317 + 74. What is the remainder when z is divided by 20?
17
Let a(k) = k - 3. Let l be a(-1). Let u be ((-4 - l)/(-5))/2. Suppose 5*s - 4*x - 33 = u, 5*x = -0*s - s + 24. Calculate the remainder when s is divided by 2.
1
Calculate the remainder when (-21)/(2 - 22/10) is divided by 18.
15
Suppose 2*d + 46 = h, 3*h + 4*d - 37 - 121 = 0. Calculate the remainder when 180 is divided by h.
30
Let g = -21 - -49. Let u(c) = c + 22. Suppose 0*b - b = 12. Calculate the remainder when g is divided by u(b).
8
What is the remainder when 1061 is divided by 40/24*228/10?
35
Let a(x) = 2*x. Let i be a(2). Calculate the remainder when 1012/23*((-2)/i - -1) is divided by 12.
10
Suppose -2*l = 3*n - 118, 4*l = -2*n - 0*n + 228. Let r = l - 42. Calculate the remainder when r is divided by (-58)/(-7) - (-4)/(-14).
6
Suppose 5*l - 4*x = 339, 4*x - 264 = -l - 3*l. Suppose l = 4*q - 29. Suppose 3*u - q = -0*u. What is the remainder when 13 is divided by u?
5
Suppose -4*j - 4*u = 0, -3*j = -0*j + 4*u - 1. Let k be (8 + j)*(-12)/(-21). Suppose -c + 2 = -k. What is the remainder when 23 is divided by c?
5
Let r = 14 - 7. Let s(p) = -p**3 + 8*p**2 - 9*p + 10. Let d be s(7). Calculate the remainder when r is divided by (-6)/2 - (d - (-3)/(-1)).
3
Suppose w - 2*r - 21 = -r, 0 = 3*w - 2*r - 63. What is the remainder when 118 is divided by w?
13
Let l(k) be the first derivative of -k**2/2 + 5. Let y be l(-8). Suppose -b - 2*p + 33 = 7, -2*p = y. Calculate the remainder when b is divided by 18.
16
Suppose -67*q - 525 = -82*q. Calculate the remainder when (-1)/4 - 826/(-8) is divided by q.
33
Let u(o) = o**2 + 14*o - 118. Let m = -5 + 12. Calculate the remainder when m is divided by u(-20).
1
Suppose 10*n + 250 = 5*g + 5*n, -4*n = 5*g - 232. Suppose -3*d = -4*z - 100, 4*z + 15 = d - z. Let w = -15 + d. What is the remainder when g is divided by w?
23
Suppose 345*t + 1548 = 357*t. What is the remainder when t is divided by 65?
64
Let o be (12/15)/(6/(-15)). Let x = o - 9. Let g = x - -21. What is the remainder when g is divided by 6?
4
Let s = 6229 - 4412. What is the remainder when s is divided by 18?
17
Calculate the remainder when 74 is divided by (-1)/((32/68)/(-8)).
6
Suppose c + 4*j = -6 + 19, 2*j = c - 31. Calculate the remainder when 249 is divided by c.
24
Suppose -i - 42 = -4*t + 51, i = 3. Let m(r) = 114*r. What is the remainder when m(1) is divided by t?
18
Let f = 10 - 26. Let i = 28 + f. Suppose -4*z - 22 = 2*w - 126, w - 70 = 4*z. What is the remainder when w is divided by i?
10
Let n = -26 - -51. What is the remainder when 148 is divided by n?
23
Suppose -4*p = -5*y - 625, 6*y + 531 = 2*y - 3*p. Let u = y + 308. What is the remainder when u is divided by 30?
29
Suppose 103*n - 1809 = 1368 + 1561. What is the remainder when n is divided by (0 - 1) + 1 + 13?
7
Let t = -22 - -23. Calculate the remainder when 5/(t/5*(-175)/(-42)) is divided by 6.
0
Suppose l - 1 = 0, 5*h - 3*l = 15 - 188. Let f = h + 37. Calculate the remainder when 4 is divided by f.
1
Suppose -2*g = -123 - 449. What is the remainder when 66 is divided by g/16 + (-2)/(-16)?
12
Let p be 8/2 + (-2)/1. Suppose 1 = -o + 4*t, -6*t + 10 = -t. What is the remainder when 37 is divided by o + 4 + p/(-2)?
7
Suppose 48 = -r + 5*r. What is the remainder when 49 is divided by 4/3*(2106/r)/13?
13
Suppose 8*r - 238 = -6. Calculate the remainder when 808 is divided by r.
25
Let z = 1297 - 449. Suppose 240 - z = -4*t. Calculate the remainder when t is divided by 31.
28
Let j(u) = u**3 - 4*u**2 + 5*u - 6. Suppose l = 3*l - 10. Let f(y) = 5*y - 10. Calculate the remainder when j(5) is divided by f(l).
14
Let b(m) = -12 - 11*m**3 - 13*m**2 + 9*m**3 - 6*m + 3*m**2. Calculate the remainder when b(-6) is divided by 28.
12
Let x(b) = -b**2 - 7*b - 4. Let j be x(-6). Suppose -j*o = -4*o + 30. Suppose 3 + o = 2*p. Calculate the remainder when 26 is divided by p.
8
Let n(x) = 5*x - 19. Let u be n(5). Suppose -t - 60 = -u*t + 5*w, -2*w = 0. Calculate the remainder when 43 is divided by t.
7
Let h(o) = 57*o**3 + 5*o**2 - o + 1. Let v be h(2). Suppose -3*m + v = 4*y, 1 = -2*m + 3. Calculate the remainder when y is divided by 30.
28
Let x(b) = -13 + 1 + 1 - 5*b. Let n be (-123)/9 + ((-6)/9)/(-1). Calculate the remainder when x(n) is divided by 14.
12
Let x = 60 + 7. What is the remainder when x is divided by 6?
1
Let a be 5*(-2 + (-6)/(-5)). Calculate the remainder when 6/24 + (-279)/a is divided by 36.
34
Let b(z) = -z**2 + 12*z + 18. Let d = 18 + -5. Suppose -8 = -4*u + 4*v, -3*u - 5*v + 0 = -14. Calculate the remainder when b(d) is divided by u.
2
Let x be (15 - 1)/(-9 - -11). Calculate the remainder when x*((1 - 5) + 15) is divided by 26.
25
Suppose 118*n - 126*n + 56 = 0. Calculate the remainder when 27 is divided by n.
6
Suppose 0 = 2*v - 4*v - 8, 2*x - 5*v - 52 = 0. Let m = 177 + -100. Calculate the remainder when 5 + m - (6 - 2) is divided by x.
14
Let q = 30 + -28. Suppose -4*j + q*j = -2. What is the remainder when j is divided by 1?
0
Calculate the remainder when 4*(-2*348/(-32) - 3) is divided by 40.
35
Let k(b) = b**3 - 6*b**2 - 15*b. Calculate the remainder when ((-2)/(-3))/(10/435) is divided by k(8).
5
Suppose 3*u = -2*u. Suppose -2*a - a + 180 = u. What is the remainder when a is divided by 288/14 - 132/(-308)?
18
Let s = 421 - 413. Let g = -1 + 3. What is the remainder when s is divided by g?
0
Suppose -s + 0*s + 51 = 0. Suppose f - 3*i = -2*f + 39, 0 = 2*f + i - 26. Calculate the remainder when s is divided by f.
12
Let n(m) = m**3 - 12*m**2 + 12*m + 9. Let o be n(11). Suppose -2*y + o = 2*y. Calculate the remainder when 23 is divided by y.
3
Let h = 111 - 102. Suppose 2*s + h = l, 4*l - 2 - 12 = -3*s. What is the remainder when 22 is divided by l?
2
Suppose -2*q - 340 = -19*q. Suppose 5*i = i + q. What is the remainder when 14 is divided by i?
4
Let m = -8 + 10. Suppose 4*n = 2*k + 10, -6*k - 9 = -m*n - k. Suppose 0 = 3*h + 2*d - 2, -3*h + 7*d + 14 = 3*d. Calculate the remainder when h is divided by n.
0
Suppose 2*c = -3 + 9. Let r(s) = -761 - c*s**2 + 761 + 4*s**3 + s. What is the remainder when 41 is divided by r(2)?
19
Suppose 0 = 9*u - 14*u + 10. Calculate the remainder when 17 is divided by u.
1
Let l be 2/7 - (-99)/21. Suppose -l*p + 25 = -50. Let o = 42877 - 42850. Calculate the remainder when o is divided by p.
12
Let s(i) = i**2 - 8*i - 3. Let l be s(7). Let w be ((-1)/2)/(l/(-520)). Let k = w - -38. Calculate the remainder when 23 is divided by k.
11
Suppose -4*q + 9 + 7 = 0. Suppose -q*y + 5 = -y - 5*w, -2*w + 4 = 0. Suppose -198 = -y*c - 18. What is the remainder when c is divided by 19?
17
Suppose 52*q - 47*q = 320. Calculate the remainder when q is divided by 22.
20
What is the remainder when ((-2)/2)/(7/26628*-2) is divided by 127?
124
Let a = 85 - 76. Suppose -11*m + 126 = -a*m. What is the remainder when m is divided by 33?
30
Suppose -4*v + 3*m = -9*v + 771, 4*m = -4*v + 620. Suppose -3*g - 4*w = -74, 3*w - 24 = -g + w. What is the remainder when v is divided by g?
23
Let s(z) = z**2 + 6*z - 21. Suppose -5*p + v + 12 = -2*p, 0 = -4*p + 2*v + 18. Calculate the remainder when 83 is divided by s(p).
5
Let u(n) = -3*n + 9 - 5*n + 5*n + 4*n. Let c be u(0). Suppose -c*d + 4*d = -40. What is the remainder when 31 is divided by d?
7
Suppose 5*r = 10 - 45. Suppose 5*j = -19 + 89. Calculate the remainder when j is divided by 78/21 + (-2)/r.
2
Let c(i) = 5*i**2 - 9*i - 68. Calculate the remainder when c(-6) is divided by 25.
16
Let s = -131 + 113. Let i be (22/(-3))/(2/(-9)). Let k = i + s. Calculate the remainder when k is divided by 9.
6
Suppose 3*q = 4*f + 3 - 2, 0 = 2*q + 3*f - 29. Let k = -11513 - -11589. What is the remainder when k is divided by q?
6
Suppose 7*w - 21 + 7 = 0. Suppose 0 = -w*i + 5*i - 120. Calculate the remainder when i is divided by 15.
10
Let q = 37 + -28. Suppose 66 = -q*s + 12*s. What is the remainder when 41 is divided by s?
19
Suppose -b - b + s - 13 = 0, -2*s + 2 = 0. Let w(x) = -26*x - 4. Let n(f) = -4